{"id":484,"date":"2020-10-27T05:05:37","date_gmt":"2020-10-27T05:05:37","guid":{"rendered":"http:\/\/seodo.themezinho.net\/?page_id=26"},"modified":"2021-04-28T08:35:02","modified_gmt":"2021-04-28T15:35:02","slug":"contact-2","status":"publish","type":"page","link":"https:\/\/quimical.mx\/nueva\/?page_id=484","title":{"rendered":"Contacto"},"content":{"rendered":"<p>[vc_row use_container=&#8221;yes&#8221;][vc_column][ts_section_title color=&#8221;#005ba2&#8243; shape=&#8221;&#8221; description=&#8221;<\/p>\n<h3><strong>CONTACTO<\/strong><\/h3>\n<p>&#8220;][vc_row_inner][vc_column_inner offset=&#8221;vc_col-md-6&#8221;]<div role=\"form\" class=\"wpcf7\" id=\"wpcf7-f568-o1\" lang=\"en-US\" dir=\"ltr\">\n<div class=\"screen-reader-response\"><p role=\"status\" aria-live=\"polite\" aria-atomic=\"true\"><\/p> <ul><\/ul><\/div>\n<form action=\"\/nueva\/index.php?rest_route=%2Fwp%2Fv2%2Fpages%2F484#wpcf7-f568-o1\" method=\"post\" class=\"wpcf7-form init\" novalidate=\"novalidate\" data-status=\"init\">\n<div style=\"display: none;\">\n<input type=\"hidden\" name=\"_wpcf7\" value=\"568\" \/>\n<input type=\"hidden\" name=\"_wpcf7_version\" value=\"5.4.1\" \/>\n<input type=\"hidden\" name=\"_wpcf7_locale\" value=\"en_US\" \/>\n<input type=\"hidden\" name=\"_wpcf7_unit_tag\" value=\"wpcf7-f568-o1\" \/>\n<input type=\"hidden\" name=\"_wpcf7_container_post\" value=\"0\" \/>\n<input type=\"hidden\" name=\"_wpcf7_posted_data_hash\" value=\"\" \/>\n<\/div>\n<p><label> Nombre<br \/>\n    <span class=\"wpcf7-form-control-wrap your-name\"><input type=\"text\" name=\"your-name\" value=\"\" size=\"40\" class=\"wpcf7-form-control wpcf7-text wpcf7-validates-as-required\" aria-required=\"true\" aria-invalid=\"false\" \/><\/span> <\/label><\/p>\n<p><label> Correo<br \/>\n    <span class=\"wpcf7-form-control-wrap your-email\"><input type=\"email\" name=\"your-email\" value=\"\" size=\"40\" class=\"wpcf7-form-control wpcf7-text wpcf7-email wpcf7-validates-as-required wpcf7-validates-as-email\" aria-required=\"true\" aria-invalid=\"false\" \/><\/span> <\/label><\/p>\n<p><label> Asunto<br \/>\n    <span class=\"wpcf7-form-control-wrap your-subject\"><input type=\"text\" name=\"your-subject\" value=\"\" size=\"40\" class=\"wpcf7-form-control wpcf7-text wpcf7-validates-as-required\" aria-required=\"true\" aria-invalid=\"false\" \/><\/span> <\/label><\/p>\n<p><label> Mensaje<br \/>\n    <span class=\"wpcf7-form-control-wrap your-message\"><textarea name=\"your-message\" cols=\"40\" rows=\"10\" class=\"wpcf7-form-control wpcf7-textarea wpcf7-validates-as-required\" aria-required=\"true\" aria-invalid=\"false\"><\/textarea><\/span> <\/label><\/p>\n<p><input type=\"submit\" value=\"Enviar\" class=\"wpcf7-form-control wpcf7-submit\" \/><\/p>\n<div class=\"wpcf7-response-output\" aria-hidden=\"true\"><\/div><\/form><\/div>[\/vc_column_inner][vc_column_inner offset=&#8221;vc_col-md-6&#8243;][ts_contact_box icon=&#8221;206&#8243; title=&#8221;\u00a1ESPERAMOS SU LLAMADA!&#8221; contact=&#8221;800 026 3468&#8243;][ts_contact_box icon=&#8221;207&#8243; title=&#8221;CORREO ELECTR\u00d3NICO&#8221; contact=&#8221;info@quimical.mx&#8221;][ts_contact_box icon=&#8221;208&#8243; title=&#8221;DIRECCI\u00d3N GENERAL, CEDIS Y LABORATORIO AGR\u00cdCOLA&#8221; contact=&#8221;Km. 25.5 Carrretera Transpeninsular Tramo Ensenada &#8211; San Quint\u00edn<br \/>\nManeadero, B.C., CP 22790&#8243;][\/vc_column_inner][\/vc_row_inner][\/vc_column][\/vc_row][vc_row][vc_column][vc_empty_space][\/vc_column][\/vc_row][vc_row motts_theme_padding=&#8221;no&#8221; css=&#8221;.vc_custom_1603818230001{margin-right: 0px !important;margin-left: 0px !important;}&#8221;][vc_column css=&#8221;.vc_custom_1603865812052{margin-top: -150px !important;padding-right: 0px !important;padding-left: 0px !important;}&#8221;][ts_google_maps iframe_url=&#8221;https:\/\/www.google.com\/maps\/d\/u\/0\/embed?mid=1uBSPRDRP6UJw6VdND8ZlYPe4v4R9p5P1&#8243; map_height=&#8221;520px&#8221;][\/vc_column][\/vc_row]<\/p>\n","protected":false},"excerpt":{"rendered":"<p>[vc_row use_container=&#8221;yes&#8221;][vc_column][ts_section_title color=&#8221;#005ba2&#8243; shape=&#8221;&#8221; description=&#8221; CONTACTO &#8220;][vc_row_inner][vc_column_inner offset=&#8221;vc_col-md-6&#8243;][\/vc_column_inner][vc_column_inner offset=&#8221;vc_col-md-6&#8243;][ts_contact_box icon=&#8221;206&#8243; title=&#8221;\u00a1ESPERAMOS SU LLAMADA!&#8221; contact=&#8221;800 026 3468&#8243;][ts_contact_box icon=&#8221;207&#8243; title=&#8221;CORREO ELECTR\u00d3NICO&#8221; contact=&#8221;info@quimical.mx&#8221;][ts_contact_box icon=&#8221;208&#8243; title=&#8221;DIRECCI\u00d3N GENERAL, CEDIS Y LABORATORIO AGR\u00cdCOLA&#8221; contact=&#8221;Km. 25.5 Carrretera Transpeninsular Tramo Ensenada &#8211; San Quint\u00edn Maneadero, B.C., CP 22790&#8243;][\/vc_column_inner][\/vc_row_inner][\/vc_column][\/vc_row][vc_row][vc_column][vc_empty_space][\/vc_column][\/vc_row][vc_row motts_theme_padding=&#8221;no&#8221; css=&#8221;.vc_custom_1603818230001{margin-right: 0px !important;margin-left: 0px !important;}&#8221;][vc_column css=&#8221;.vc_custom_1603865812052{margin-top: -150px !important;padding-right: 0px !important;padding-left: 0px !important;}&#8221;][ts_google_maps iframe_url=&#8221;https:\/\/www.google.com\/maps\/d\/u\/0\/embed?mid=1uBSPRDRP6UJw6VdND8ZlYPe4v4R9p5P1&#8243; map_height=&#8221;520px&#8221;][\/vc_column][\/vc_row]<\/p>\n","protected":false},"author":1,"featured_media":0,"parent":0,"menu_order":0,"comment_status":"closed","ping_status":"closed","template":"page-builder.php","meta":[],"_links":{"self":[{"href":"https:\/\/quimical.mx\/nueva\/index.php?rest_route=\/wp\/v2\/pages\/484"}],"collection":[{"href":"https:\/\/quimical.mx\/nueva\/index.php?rest_route=\/wp\/v2\/pages"}],"about":[{"href":"https:\/\/quimical.mx\/nueva\/index.php?rest_route=\/wp\/v2\/types\/page"}],"author":[{"embeddable":true,"href":"https:\/\/quimical.mx\/nueva\/index.php?rest_route=\/wp\/v2\/users\/1"}],"replies":[{"embeddable":true,"href":"https:\/\/quimical.mx\/nueva\/index.php?rest_route=%2Fwp%2Fv2%2Fcomments&post=484"}],"version-history":[{"count":1,"href":"https:\/\/quimical.mx\/nueva\/index.php?rest_route=\/wp\/v2\/pages\/484\/revisions"}],"predecessor-version":[{"id":809,"href":"https:\/\/quimical.mx\/nueva\/index.php?rest_route=\/wp\/v2\/pages\/484\/revisions\/809"}],"wp:attachment":[{"href":"https:\/\/quimical.mx\/nueva\/index.php?rest_route=%2Fwp%2Fv2%2Fmedia&parent=484"}],"curies":[{"name":"wp","href":"https:\/\/api.w.org\/{rel}","templated":true}]}}